69
List the prime factors of 1647077.
233, 7069
What are the prime factors of 868216?
2, 41, 2647
List the prime factors of 382147.
19, 20113
What are the prime factors of 7513219?
7, 107, 1433
What are the prime factors of 2626348?
2, 656587
What are the prime factors of 496713?
3, 7, 31, 109
List the prime factors of 8796707.
1249, 7043
What are the prime factors of 43203?
3, 14401
What are the prime factors of 1456379?
67, 21737
What are the prime factors of 211207?
29, 7283
What are the prime factors of 30056?
2, 13, 17
List the prime factors of 913182.
2, 3, 152197
What are the prime factors of 1590696?
2, 3, 22093
List the prime factors of 124310.
2, 5, 31, 401
List the prime factors of 2618432.
2, 163, 251
What are the prime factors of 4804?
2, 1201
List the prime factors of 1005434.
2, 502717
What are the prime factors of 10454115?
3, 5, 7, 99563
List the prime factors of 366817.
11, 33347
List the prime factors of 799224.
2, 3, 33301
What are the prime factors of 281990?
2, 5, 163, 173
List the prime factors of 12650962.
2, 6325481
What are the prime factors of 366118?
2, 183059
What are the prime factors of 2607?
3, 11, 79
What are the prime factors of 514280?
2, 5, 13, 23, 43
List the prime factors of 22127.
7, 29, 109
What are the prime factors of 1460124?
2, 3, 40559
List the prime factors of 523671.
3, 173, 1009
What are the prime factors of 1087188?
2, 3, 90599
List the prime factors of 878439.
3, 23, 29, 439
What are the prime factors of 222102?
2, 3, 457
What are the prime factors of 7019379?
3, 19, 4561
What are the prime factors of 4145842?
2, 23, 90127
List the prime factors of 203117.
203117
What are the prime factors of 2058252?
2, 3, 7, 107, 229
List the prime factors of 2945352.
2, 3, 17, 7219
What are the prime factors of 176152?
2, 97, 227
What are the prime factors of 508557?
3, 7, 61, 397
List the prime factors of 62143.
62143
What are the prime factors of 2530291?
79, 32029
What are the prime factors of 11629406?
2, 19, 29, 61, 173
List the prime factors of 148978.
2, 74489
List the prime factors of 407836.
2, 11, 13, 23, 31
List the prime factors of 122575.
5, 4903
List the prime factors of 2518923.
3, 11, 37, 2063
List the prime factors of 279003.
3, 93001
What are the prime factors of 137875?
5, 1103
What are the prime factors of 2626844?
2, 11, 227, 263
List the prime factors of 506140.
2, 5, 25307
What are the prime factors of 225104?
2, 11, 1279
What are the prime factors of 239845?
5, 47969
What are the prime factors of 103524?
2, 3, 8627
What are the prime factors of 2745365?
5, 7, 78439
What are the prime factors of 39528?
2, 3, 61
List the prime factors of 7947793.
7, 173, 6563
List the prime factors of 473656.
2, 59207
What are the prime factors of 4400567?
23, 293, 653
List the prime factors of 1862050.
2, 5, 167, 223
List the prime factors of 21450517.
11, 29, 6113
What are the prime factors of 5177640?
2, 3, 5, 13, 3319
What are the prime factors of 21108144?
2, 3, 439753
List the prime factors of 306255.
3, 5, 17, 1201
List the prime factors of 33858.
2, 3, 11, 19
List the prime factors of 53910.
2, 3, 5, 599
List the prime factors of 449491.
7, 157, 409
List the prime factors of 1904373.
3, 211597
What are the prime factors of 761367?
3, 253789
List the prime factors of 788350.
2, 5, 15767
What are the prime factors of 208736?
2, 11, 593
What are the prime factors of 245613?
3, 19, 31, 139
List the prime factors of 523730.
2, 5, 83, 631
List the prime factors of 7971595.
5, 359, 4441
List the prime factors of 644854.
2, 7, 46061
List the prime factors of 261940.
2, 5, 7, 1871
What are the prime factors of 11570857?
11570857
What are the prime factors of 113508?
2, 3, 1051
List the prime factors of 2471729.
13, 19, 10007
List the prime factors of 1694850.
2, 3, 5, 11299
What are the prime factors of 5518997?
11, 109, 4603
List the prime factors of 1068863.
257, 4159
List the prime factors of 5395552.
2, 103, 1637
List the prime factors of 28195583.
13, 251, 8641
What are the prime factors of 533769?
3, 181, 983
What are the prime factors of 2994554?
2, 23, 65099
List the prime factors of 46905.
3, 5, 53, 59
List the prime factors of 772507.
131, 5897
What are the prime factors of 18234134?
2, 9117067
What are the prime factors of 5451194?
2, 7, 401, 971
What are the prime factors of 12954406?
2, 6477203
List the prime factors of 337727.
13, 83, 313
List the prime factors of 2944682.
2, 13, 37, 3061
What are the prime factors of 2879616?
2, 3, 7499
What are the prime factors of 11603057?
11603057
What are the prime factors of 146297?
146297
What are the prime factors of 840139?
840139
List the prime factors of 5757352.
2, 283, 2543
What are the prime factors of 5439066?
2, 3, 29, 31259
What are the prime factors of 861899?
861899
What are the prime factors of 914495?
5, 182899
List the prime factors of 113079.
3, 37693
List the prime factors of 24664.
2, 3083
What are the prime factors of 102681?
3, 3803
List the prime factors of 71957.
47, 1531
What are the prime factors of 265636?
2, 7, 53, 179
List the prime factors of 491635.
5, 98327
List the prime factors of 888911.
47, 18913
What are the prime factors of 5251150?
2, 5, 105023
List the prime factors of 8990904.
2, 3, 13, 28817
List the prime factors of 4607736.
2, 3, 7, 27427
List the prime factors of 3761458.
2, 1880729
What are the prime factors of 2006659?
2006659
What are the prime factors of 291147?
3, 107, 907
List the prime factors of 524828.
2, 179, 733
List the prime factors of 4729144.
2, 7, 84449
List the prime factors of 883390.
2, 5, 88339
What are the prime factors of 977916?
2, 3, 227, 359
What are the prime factors of 429757?
367, 1171
What are the prime factors of 15446239?
15446239
What are the prime factors of 117493?
293, 401
List the prime factors of 235192.
2, 29399
List the prime factors of 281120.
2, 5, 7, 251
List the prime factors of 622542.
2, 3, 31, 3347
What are the prime factors of 42200?
2, 5, 211
What are the prime factors of 3952890?
2, 3, 5, 167, 263
What are the prime factors of 721404?
2, 3, 29, 691
What are the prime factors of 526024?
2, 47, 1399
List the prime factors of 12188283.
3, 89, 191, 239
What are the prime factors of 1426320?
2, 3, 5, 7, 283
List the prime factors of 17900148.
2, 3, 7, 213097
List the prime factors of 8278644.
2, 3, 11, 59, 1063
What are the prime factors of 19514639?
19514639
List the prime factors of 5981886.
2, 3, 23, 14449
What are the prime factors of 1202707?
11, 31, 3527
What are the prime factors of 2806861?
2806861
List the prime factors of 6399797.
6399797
List the prime factors of 23666.
2, 11833
What are the prime factors of 1736946?
2, 3, 96497
List the prime factors of 867454.
2, 7, 61961
List the prime factors of 1841706.
2, 3, 102317
What are the prime factors of 5601309?
3, 7, 43, 6203
What are the prime factors of 220088?
2, 11, 41, 61
List the prime factors of 1623288.
2, 3, 239, 283
List the prime factors of 11061262.
2, 47, 117673
List the prime factors of 2086337.
11, 241, 787
What are the prime factors of 447960?
2, 3, 5, 3733
What are the prime factors of 6119196?
2, 3, 23, 22171
What are the prime factors of 1043456?
2, 1019
What are the prime factors of 3962345?
5, 113, 7013
What are the prime factors of 2266608?
2, 3, 47221
List the prime factors of 131270.
2, 5, 13127
What are the prime factors of 507659?
67, 7577
List the prime factors of 151914.
2, 3, 7, 3617
What are the prime factors of 352458?
2, 3, 61, 107
List the prime factors of 319259.
319259
List the prime factors of 7896532.
2, 7, 282019
List the prime factors of 1137594.
2, 3, 189599
List the prime factors of 290846.
2, 145423
What are the prime factors of 96146?
2, 48073
What are the prime factors of 32316065?
5, 17, 380189
List the prime factors of 1933456.
2, 7, 61, 283
What are the prime factors of 1797348?
2, 3, 7, 21397
What are the prime factors of 3229086?
2, 3, 7, 76883
List the prime factors of 211062.
2, 3, 29, 1213
List the prime factors of 238713.
3, 47, 1693
List the prime factors of 9944099.
11, 17, 41, 1297
What are the prime factors of 109092?
2, 3, 9091
List the prime factors of 850105.
5, 170021
List the prime factors of 476398.
2, 13, 73, 251
What are the prime facto